e factors of n.
2, 313
Let q(h) be the third derivative of h**5/30 + 5*h**4/12 + 17*h**3/6 + 134*h**2 - 16*h. Let u be 54/(-10) + 4/10. List the prime factors of q(u).
17
Let w(f) = 9 + 7 - 26*f + 1 + 75*f. What are the prime factors of w(6)?
311
Let w be (1231/4)/(6*3/72). Suppose 0 = 4*j + 3*c - w, 0 = c - 9 + 4. What are the prime factors of j?
2, 19
Let s be 38/14 - 2/(-7). Suppose -2*q - 156 = -s*q. What are the prime factors of 3 + -1 + q - -1?
3, 53
List the prime factors of (20*-103)/(48/(-312)).
2, 5, 13, 103
Suppose 0 = -0*j + 2*j - 2*c - 78, 2*j = 4*c + 70. Suppose -y = 3*s + j - 164, 0 = -3*y - 5*s + 363. What are the prime factors of y?
11
What are the prime factors of (-2226)/15*(13 - 279/18)?
7, 53
Let k be (-12)/(-66) + 0 + 4184/(-22). Let m = 585 + k. What are the prime factors of m?
5, 79
Suppose 5670056 = -5*c + 271*c. What are the prime factors of c?
2, 73
Let q(n) = 28*n**3 - 13*n**2 - 3*n - 9. Let s(j) = 13*j**3 - 7*j**2 - 2*j - 5. Let k(d) = 6*q(d) - 13*s(d). List the prime factors of k(8).
5, 79
Suppose -175 + 215 = 4*r. Let l = 40 - 40. Suppose l = r*h - 571 - 969. List the prime factors of h.
2, 7, 11
Let a(m) = 12*m**2 - 249*m + 83. What are the prime factors of a(34)?
11, 499
Let c(y) = 65*y - 41. Let g be c(5). Suppose i = 4*f - 535, 0 = -3*f - 5*i + g + 100. What are the prime factors of f?
7, 19
What are the prime factors of (7656*(-8)/((-224)/63))/((-22)/(-55))?
3, 5, 11, 29
Let k(o) = 23*o - 154. Let s be k(-19). Let w = s - -690. What are the prime factors of w?
3, 11
Suppose 0 = -3*l + 1487 + 166. Let u = 1020 - l. List the prime factors of u.
7, 67
Suppose -4*g - 68 = -f + 47, 2*f = 4*g + 110. What are the prime factors of (-80)/(-3)*((-306)/g - 9)?
2
Suppose -6*k = -46 + 28. Let m = -8 - -13. Suppose -531 = -k*l - l + m*n, n = -5*l + 642. List the prime factors of l.
3, 43
Let l(n) = -n**2 - 8*n + 2. Let u be l(-8). Suppose 0 = j - 8 + u. List the prime factors of 770/j + (-10)/30.
2
Suppose -63*u = -5*w - 61*u + 133149, -2*w + 53219 = 5*u. List the prime factors of w.
26627
Let h = 42 - 68. Let y be 1/((4/h)/(-2)). Suppose -14*p = -y*p - 60. List the prime factors of p.
2, 3, 5
Suppose 653*a - 327*a - 327*a = -24985. List the prime factors of a.
5, 19, 263
Let y(o) = -9*o + 14. Let h be y(-5). Let g = -44 + h. Let a(n) = -n**3 + 15*n**2 + 5*n - 21. List the prime factors of a(g).
2, 3
Let f(d) = -d**2 + 70*d + 11. Let x be f(-18). Let b = -915 - x. List the prime factors of b.
2, 7, 47
Let m be 2 + -1 + (-62 - -80). Let s(a) = a**2 - 5*a + 83. List the prime factors of s(m).
349
Let h = -46 + 48. Suppose -4*q = -3*p - 3*q + 1, -5*p + h*q = 0. Suppose 3*d + p*d + 137 = 2*c, -2*d - 189 = -3*c. What are the prime factors of c?
61
Let y = -65 - -66. Let i be 0 + (-4)/(-8) - y/2. Suppose -169 = -x + 5*c, i*x - 2*x = -5*c - 323. List the prime factors of x.
2, 7, 11
Let c(h) = -h**3 + 2*h**2 + 2*h + 28. Suppose -10*y - 33 = 37. List the prime factors of c(y).
5, 7, 13
Let h = 6640 + 43821. What are the prime factors of h?
50461
Let t(d) = -2*d + 41. Let s be t(19). Suppose v + 0 - 12 = s*p, 2*p + 6 = 0. Suppose 2*m - v*l = l + 150, 40 = m + 5*l. What are the prime factors of m?
5, 13
Suppose 0 = 82*w - 364448 + 150451 - 938267. What are the prime factors of w?
2, 3, 1171
Suppose 0 = 4*z - 55 - 57. Let t be ((-8)/(-28))/(4/z). Suppose 2*n - n - t*h - 68 = 0, 254 = 4*n - 2*h. What are the prime factors of n?
2, 31
Let a be (608/(-6))/2 + (-24)/(-36). Let h = 9 - a. Let p = -41 + h. List the prime factors of p.
2, 3
Suppose 0 = 5*s + 14*s + 3287. Let m = s - -291. What are the prime factors of m?
2, 59
Suppose -283 - 13169 = -6*w. Suppose 10906 = 12*i + w. What are the prime factors of i?
2, 19
Let n = 20325 - 7161. What are the prime factors of n?
2, 3, 1097
Let q(k) = k**3 + k + 14. Let o be q(0). Let x be 8/5 - o/(-35). Suppose y - 216 = -x*y. What are the prime factors of y?
2, 3
Let g(j) = -135*j - 3709. What are the prime factors of g(-58)?
13, 317
Let i(d) = -10082*d - 7131. List the prime factors of i(-8).
5, 17, 173
Let j(s) = 2*s**2 - s + 1. Let l(o) = -23*o + 25. Let k(i) = 2*j(i) + l(i). What are the prime factors of k(8)?
83
What are the prime factors of (-3 + 9)*-1 - (-6 + -13217 + 3)?
2, 6607
Suppose 2*u + 29 = -m - 2*m, -3*u + 6 = 0. Let g(p) = p**2 - 10*p - 23. What are the prime factors of g(m)?
2, 13
Let u be 20666/9 - (-7)/((-378)/12). Suppose 187*b - u = 183*b. What are the prime factors of b?
2, 7, 41
Let z(m) = 2*m**3 - 9*m**2 - 2*m - 14. Let y be z(5). Let b(x) = 1 + 3*x + 0 + 13*x. List the prime factors of b(y).
17
Suppose 25*s - 616 - 30509 = 0. Suppose -3*d = 3*f - s, -4*f + 1250 = -2*d + 5*d. What are the prime factors of d?
2, 5, 41
Let j(d) = 2475*d**3 - 5*d**2 + 19*d - 25. What are the prime factors of j(2)?
19793
List the prime factors of ((-117)/12 - -3)/(21/(-6664)).
2, 3, 7, 17
Let n be 36/14 - 3/(-7). Suppose -n*z + 5*q + 57 = -2*z, 4*z - 294 = -2*q. Let i = 153 + z. List the prime factors of i.
3, 5
Suppose 30 = -25*a + 255. What are the prime factors of -4*3/a*6660/(-24)?
2, 5, 37
Suppose -3*z - 7 = -19, -2*t + 20 = 4*z. Suppose -p - 4*p - t*a = 8, 0 = -p - 2*a. List the prime factors of (p + 2/2)/(5/(-1130)).
2, 113
Suppose -572 = -5*i + 323. Suppose -7*f = -192 - i. Suppose -718 = -3*t + f. What are the prime factors of t?
257
Suppose 6*f - f - 3*v = 9730, -3*f - 2*v + 5838 = 0. List the prime factors of f.
2, 7, 139
Suppose -3*h = o - 5*h - 33274, -o + 33310 = 4*h. What are the prime factors of o?
2, 11, 17, 89
Suppose -8 = 7*m - 11*m. Suppose 3*q + m*t - 11 = 0, -t + 3*t = -4*q + 14. What are the prime factors of -1 - (-77 - (-3 - (0 - q)))?
2, 19
Let f(d) = -d**3 + 35*d**2 - 31*d - 100. Let g be f(34). Let j be ((-108)/(-21))/((-4)/(-42)). Suppose -n + j = g*n. List the prime factors of n.
2, 3
Let z(y) = 86*y - 13. Let o(d) = 43*d - 7. Let f(c) = 13*o(c) - 6*z(c). Let j be f(17). Suppose 4*r + j = 5*n, -298 = -n - n - 2*r. List the prime factors of n.
2, 73
Suppose -5*a = 4*i + 578, 7*i - 3*i = a + 106. List the prime factors of (-4)/8 - a/12.
3
Let u be (3/6)/((-2)/(-52)). Let h(v) = -6*v + 10. Let d(o) = o + 1. Let j(x) = 5*d(x) + h(x). What are the prime factors of j(u)?
2
Let p = 3517 - 2502. Suppose -3*b + 7*g = 11*g - 970, p = 3*b - 5*g. What are the prime factors of b?
2, 3, 5, 11
Suppose -30*n + 8*n = -19228. Let m = -519 + n. What are the prime factors of m?
5, 71
Suppose -28314 - 32052 = -2*a + 2*j, -4*a + 3*j = -120734. List the prime factors of a.
5, 6037
Suppose 2*b = -2*p - 2, -3*p = -6*b + 4*b + 18. Suppose -2*h - 3983 = -b*a, 2*a - 11*h = -15*h + 2666. What are the prime factors of a?
3, 443
Let p = -1081 + 1524. Let m = p - 193. What are the prime factors of m?
2, 5
Let t be (1/(-2))/(17/102). Let m(f) = -4*f**3 - 9*f**2 + 6*f - 10. Let q(c) = c**3 - c + 1. Let z(d) = t*q(d) - m(d). What are the prime factors of z(-5)?
2, 61
Let b = 1971 + 13807. List the prime factors of b.
2, 7, 23
Suppose 31*y - 233 = 15. Suppose 4*t - 2228 = -y*l, -2*l + 1105 = 2*t - l. What are the prime factors of t?
19, 29
Suppose 5*g = 4*b - 44612, -33*b + 38*b - 5*g = 55755. What are the prime factors of b?
11, 1013
Let m(a) = -134*a**3 - 3*a**2 + 6. Let h be 4 - (7*1 - (15 - 14)). What are the prime factors of m(h)?
2, 13, 41
Let b(j) = 2*j**2 - 10*j - 53. Let n = -104 - -121. List the prime factors of b(n).
5, 71
Let c(a) = 46*a**2 - 4*a - 29. Let t be c(10). Suppose 7*r + 37 = t. List the prime factors of r.
2, 3, 107
Suppose 143 + 19 = -2*t + 4*d, t - 4*d + 81 = 0. Let w be 414/(-10) - (-2)/5. Let a = w - t. What are the prime factors of a?
2, 5
Let t(v) = 42*v - 43. Suppose 9*o = 3*q + 4*o - 30, -5*q = -5*o - 40. What are the prime factors of t(q)?
167
Let j(o) = 33*o**2 - 10*o + 2. Let r be j(1). Suppose 0 = 12*i - r*i + 403. List the prime factors of i.
31
Let u = 57201 + -40822. What are the prime factors of u?
11, 1489
Let x(c) = -c**3 + 90*c**2 + 56*c + 216. What are the prime factors of x(78)?
2, 3, 53, 61
Let w be 3/(-12) - (-246)/(-8). Let m = 33 + w. Suppose -m = -o - 5*d, 0 = o - 5*o - d + 27. List the prime factors of o.
7
Let c(g) = 1416*g**2 + 369*g + 71. List the prime factors of c(6).
13, 17, 241
Let t be 368*(1 + 2/(-4)). Let m(f) = f**3 + f**2 + 34*f -